{"id":1142,"date":"2017-02-08T07:01:55","date_gmt":"2017-02-08T07:01:55","guid":{"rendered":"http:\/\/consulting.stylemixthemes.com\/demo\/?page_id=1142"},"modified":"2023-01-09T15:17:48","modified_gmt":"2023-01-09T15:17:48","slug":"cdat","status":"publish","type":"page","link":"https:\/\/www.fagas.co\/portal\/cdat\/","title":{"rendered":"CDAT"},"content":{"rendered":"<div class=\"wpb-content-wrapper\">[vc_row css=&#8221;.vc_custom_1673235225613{margin-top: 0px !important;border-top-width: 0px !important;padding-top: 0px !important;background-color: #ffffff !important;}&#8221;][vc_column][vc_custom_heading text=&#8221;CDAT&#8221; font_container=&#8221;tag:h3|text_align:left&#8221; google_fonts=&#8221;font_family:Montserrat%3Aregular%2C700|font_style:700%20bold%20regular%3A700%3Anormal&#8221; css=&#8221;.vc_custom_1534829011017{margin-top: 0px !important;margin-bottom: 39px !important;border-top-width: 0px !important;padding-top: 0px !important;}&#8221;][vc_column_text css=&#8221;.vc_custom_1534829000143{margin-bottom: 30px !important;border-bottom-width: 30px !important;padding-bottom: 30px !important;}&#8221;]\r\n<blockquote>Un Certificado de Dep\u00f3sito de Ahorro a T\u00e9rmino CDAT, es un contrato por medio del cual FAGAS recibe un capital de un asociado y se compromete a pagarlo con intereses en un per\u00edodo de tiempo previamente pactado. Se expide expresamente a nombre del asociado y no es negociable.<\/blockquote>\r\n[\/vc_column_text][\/vc_column][\/vc_row][vc_row css=&#8221;.vc_custom_1673234709843{margin-bottom: 20px !important;border-bottom-width: 20px !important;padding-bottom: 20px !important;background-color: #ffffff !important;}&#8221;][vc_column width=&#8221;1\/2&#8243;]<div id=\"cz_30837\" class=\"cz_30837 cz_title clr cz_title_has_icon cz_title_has_bg cz_title_pos_inline\"><div class=\"cz_title_content\"><i class=\"cz_title_icon_before far fa-calendar-alt\"><\/i><div class=\"cz_wpe_content\"><h5 class=\"font-color_base\">Plazo<\/h5>\n<p align=\"justify\">Los CDAT\u2019s se expedir\u00e1n a plazos de 90, 120, 150, 180, 210, 240, 270, 300, 330 y 360 d\u00edas, por montos iguales o superiores a doscientos mil pesos M.Cte. ($200.000)<\/p>\n<\/div><\/div><\/div>[vc_text_separator title=&#8221;&#8221;]<div id=\"cz_98272\" class=\"cz_98272 cz_title clr cz_title_has_icon cz_title_has_bg cz_title_pos_inline\"><div class=\"cz_title_content\"><i class=\"cz_title_icon_before fa czico-074-money-1\"><\/i><div class=\"cz_wpe_content\"><h5 class=\"font-color_base\">Forma de Pago:<\/h5>\n<p align=\"justify\">Los intereses sobre CDAT\u2019s ser\u00e1n pagados a su vencimiento. Si el ahorrador no se presenta en la fecha de vencimiento, el CDAT se prorrogar\u00e1 por el mismo valor y a un t\u00e9rmino igual al inicialmente pactado y a la tasa de inter\u00e9s que est\u00e9 vigente en el momento de la pr\u00f3rroga. Los intereses causados quedar\u00e1n a disposici\u00f3n del ahorrador en una cuenta por pagar.<\/p>\n<\/div><\/div><\/div>[vc_text_separator title=&#8221;&#8221;]<div id=\"cz_19949\" class=\"cz_19949 cz_title clr cz_title_has_icon cz_title_has_bg cz_title_pos_inline\"><div class=\"cz_title_content\"><i class=\"cz_title_icon_before fa czico-074-money-1\"><\/i><div class=\"cz_wpe_content\"><h5 class=\"font-color_base\">Reposici\u00f3n:<\/h5>\n<p align=\"justify\">El titular del CDAT ser\u00e1 responsable por su custodia y buena conservaci\u00f3n. Sin embargo, en caso de deterioro o destrucci\u00f3n parcial del CDAT, FAGAS, a su juicio, podr\u00e1 expedir un duplicado con las mismas condiciones y caracter\u00edsticas del deteriorado, previa entrega de \u00e9ste para su anulaci\u00f3n.<\/p>\n<\/div><\/div><\/div>[vc_column_text][\/vc_column_text][\/vc_column][vc_column width=&#8221;1\/2&#8243;]<div id=\"cz_60653\" class=\"cz_60653 cz_title clr cz_title_has_icon cz_title_has_bg cz_title_pos_inline\"><div class=\"cz_title_content\"><i class=\"cz_title_icon_before far fa-calendar-alt\"><\/i><div class=\"cz_wpe_content\"><h5 class=\"font-color_base\">Rentabilidad:<\/h5>\n<p align=\"justify\">La Junta Directiva de FAGAS determinar\u00e1 peri\u00f3dicamente las tasas de inter\u00e9s a pagar sobre los CDAT\u2019s<\/p>\n<\/div><\/div><\/div>[vc_column_text]\r\n<p style=\"text-align: center;\"><b>INTER\u00c9S CDAT 2022 (E.A.)<\/b><\/p>\r\n<img loading=\"lazy\" decoding=\"async\" class=\"alignnone wp-image-3941 size-full\" src=\"https:\/\/www.fagas.co\/portal\/wp-content\/uploads\/2022\/11\/tasas2022.jpg\" alt=\"\" width=\"539\" height=\"90\" srcset=\"https:\/\/www.fagas.co\/portal\/wp-content\/uploads\/2022\/11\/tasas2022.jpg 539w, https:\/\/www.fagas.co\/portal\/wp-content\/uploads\/2022\/11\/tasas2022-300x50.jpg 300w\" sizes=\"auto, (max-width: 539px) 100vw, 539px\" \/>[\/vc_column_text][vc_text_separator title=&#8221;&#8221;]<div id=\"cz_50510\" class=\"cz_50510 cz_title clr cz_title_has_icon cz_title_has_bg cz_title_pos_inline\"><div class=\"cz_title_content\"><i class=\"cz_title_icon_before far fa-calendar-alt\"><\/i><div class=\"cz_wpe_content\"><h5 class=\"font-color_base\">Cancelaci\u00f3n<\/h5>\n<p align=\"justify\">El CDAT es irredimible antes de su vencimiento, sin embargo, a solicitud del asociado FAGAS puede aceptar la cancelaci\u00f3n, caso en el cual se reconocer\u00e1 el 50% de los intereses proporcionales al tiempo de permanencia. Para la cancelaci\u00f3n de un CDAT es indispensable la presentaci\u00f3n personal del titular con su documento de identidad. Deber\u00e1 entregar el original del certificado correspondiente. Si por alg\u00fan motivo el titular del certificado no pudiere hacer el retiro personalmente, autorizar\u00e1 a un tercero, mediante poder escrito debidamente autenticado ante notario p\u00fablico al cual se anexar\u00e1n los documentos exigidos.<\/p>\n<\/div><\/div><\/div>[vc_text_separator title=&#8221;&#8221;]<div id=\"cz_72271\" class=\"cz_72271 cz_title clr cz_title_has_icon cz_title_has_bg cz_title_pos_inline\"><div class=\"cz_title_content\"><i class=\"cz_title_icon_before fa czico-074-money-1\"><\/i><div class=\"cz_wpe_content\"><h5 class=\"font-color_base\">Hurto o Extrav\u00edo<\/h5>\n<p align=\"justify\">En los casos de p\u00e9rdida del CDAT, inmediatamente el titular deber\u00e1 comunicar por escrito a FAGAS, dentro de los tres (3) d\u00edas siguientes de conocido el hecho, anexando copia de la denuncia ante la autoridad competente. FAGAS reemplazar\u00e1 el certificado siempre que se compruebe a su entera satisfacci\u00f3n el hecho alegado.<\/p>\n<\/div><\/div><\/div>[\/vc_column][\/vc_row][vc_row][vc_column css=&#8221;.vc_custom_1534816521769{margin-top: 0px !important;border-top-width: 0px !important;padding-top: 0px !important;}&#8221;][\/vc_column][\/vc_row][vc_row][vc_column][vc_column_text][\/vc_column_text][\/vc_column][\/vc_row]<\/div>","protected":false},"excerpt":{"rendered":"[vc_row css=&#8221;.vc_custom_1673235225613{margin-top: 0px !important;border-top-width: 0px !important;padding-top: 0px !important;background-color: #ffffff !important;}&#8221;][vc_column][vc_custom_heading text=&#8221;CDAT&#8221; font_container=&#8221;tag:h3|text_align:left&#8221; google_fonts=&#8221;font_family:Montserrat%3Aregular%2C700|font_style:700%20bold%20regular%3A700%3Anormal&#8221; css=&#8221;.vc_custom_1534829011017{margin-top: 0px !important;margin-bottom: 39px !important;border-top-width: 0px !important;padding-top: 0px !important;}&#8221;][vc_column_text css=&#8221;.vc_custom_1534829000143{margin-bottom: 30px !important;border-bottom-width: 30px !important;padding-bottom: 30px !important;}&#8221;] Un Certificado de Dep\u00f3sito de Ahorro a T\u00e9rmino CDAT, es un&#8230;","protected":false},"author":1,"featured_media":0,"parent":0,"menu_order":0,"comment_status":"closed","ping_status":"closed","template":"","meta":{"_acf_changed":false,"footnotes":""},"class_list":["post-1142","page","type-page","status-publish","hentry"],"acf":[],"_links":{"self":[{"href":"https:\/\/www.fagas.co\/portal\/wp-json\/wp\/v2\/pages\/1142","targetHints":{"allow":["GET"]}}],"collection":[{"href":"https:\/\/www.fagas.co\/portal\/wp-json\/wp\/v2\/pages"}],"about":[{"href":"https:\/\/www.fagas.co\/portal\/wp-json\/wp\/v2\/types\/page"}],"author":[{"embeddable":true,"href":"https:\/\/www.fagas.co\/portal\/wp-json\/wp\/v2\/users\/1"}],"replies":[{"embeddable":true,"href":"https:\/\/www.fagas.co\/portal\/wp-json\/wp\/v2\/comments?post=1142"}],"version-history":[{"count":25,"href":"https:\/\/www.fagas.co\/portal\/wp-json\/wp\/v2\/pages\/1142\/revisions"}],"predecessor-version":[{"id":4187,"href":"https:\/\/www.fagas.co\/portal\/wp-json\/wp\/v2\/pages\/1142\/revisions\/4187"}],"wp:attachment":[{"href":"https:\/\/www.fagas.co\/portal\/wp-json\/wp\/v2\/media?parent=1142"}],"curies":[{"name":"wp","href":"https:\/\/api.w.org\/{rel}","templated":true}]}}